{"id":14,"date":"2018-06-22T15:57:24","date_gmt":"2018-06-22T13:57:24","guid":{"rendered":"http:\/\/www.auto-service-busse.de\/?page_id=14"},"modified":"2021-08-09T19:20:19","modified_gmt":"2021-08-09T17:20:19","slug":"impressum","status":"publish","type":"page","link":"https:\/\/www.auto-service-busse.de\/startseite\/impressum\/","title":{"rendered":"Impressum"},"content":{"rendered":"<div id=\"pl-14\" class=\"panel-layout\">\n<div id=\"pg-14-0\" class=\"panel-grid panel-has-style\" data-style=\"{&quot;cell_alignment&quot;:&quot;flex-start&quot;,&quot;align&quot;:&quot;&quot;,&quot;background_image&quot;:false,&quot;overlay&quot;:&quot;&quot;,&quot;overlay_color&quot;:&quot;#000000&quot;}\" data-ratio=\"1\" data-ratio-direction=\"right\">\n<div class=\"panel-row-style panel-row-style-for-14-0\" style=\"padding: 100px 0;\" data-overlay=\"true\" data-overlay-color=\"#000000\">\n<div id=\"pgc-14-0-0\" class=\"panel-grid-cell\" data-weight=\"1\">\n<div id=\"panel-14-0-0-0\" class=\"so-panel widget widget_sow-editor panel-first-child panel-last-child\" data-index=\"0\" data-style=\"{&quot;background_image_attachment&quot;:false,&quot;background_display&quot;:&quot;tile&quot;,&quot;content_alignment&quot;:&quot;left&quot;,&quot;title_color&quot;:&quot;#443f3f&quot;,&quot;headings_color&quot;:&quot;#443f3f&quot;}\">\n<div class=\"panel-widget-style panel-widget-style-for-14-0-0-0\" style=\"text-align: left;\" data-title-color=\"#443f3f\" data-headings-color=\"#443f3f\">\n<div class=\"so-widget-sow-editor so-widget-sow-editor-base\">\n<div class=\"siteorigin-widget-tinymce textwidget\">\n<h2>Impressum<\/h2>\n<p>Angaben gem\u00e4\u00df \u00a7 5 TMG:<br \/>\nAuto-Service Busse GmbH<br \/>\nNiederkasseler Stra\u00dfe 18<br \/>\n51147 K\u00f6ln<\/p>\n<p>Vertreten durch: Georg Busse<\/p>\n<p>Telefon: 02203 \/ 63759<\/p>\n<p>Telefax: 02203 \/ 69402<\/p>\n<p>E-Mail: info@auto-service-busse.de<\/p>\n<p>Registereintrag:<br \/>\nEintragung im Handelsregister.<br \/>\nRegistergericht:K\u00f6ln<br \/>\nRegisternummer: HRB 12272<\/p>\n<p>Umsatzsteuer-ID:<br \/>\nUmsatzsteuer-Identifikationsnummer gem\u00e4\u00df \u00a727 a Umsatzsteuergesetz:<br \/>\nDE 121964874<\/p>\n<p>Verantwortlich f\u00fcr den Inhalt nach \u00a7 55 Abs. 2 RStV: Georg Busse<\/p>\n<p>Haftungsausschluss:<br \/>\nHaftung f\u00fcr Inhalte<\/p>\n<p>Die Inhalte unserer Seiten wurden mit gr\u00f6\u00dfter Sorgfalt erstellt. F\u00fcr die Richtigkeit, Vollst\u00e4ndigkeit und Aktualit\u00e4t der Inhalte k\u00f6nnen wir jedoch keine Gew\u00e4hr \u00fcbernehmen. Als Diensteanbieter sind wir gem\u00e4\u00df \u00a7 7 Abs.1 TMG f\u00fcr eigene Inhalte auf diesen Seiten nach den allgemeinen Gesetzen verantwortlich. Nach \u00a7\u00a7 8 bis 10 TMG sind wir als Diensteanbieter jedoch nicht verpflichtet, \u00fcbermittelte oder gespeicherte fremde Informationen zu \u00fcberwachen oder nach Umst\u00e4nden zu forschen, die auf eine rechtswidrige T\u00e4tigkeit hinweisen. Verpflichtungen zur Entfernung oder Sperrung der Nutzung von Informationen nach den allgemeinen Gesetzen bleiben hiervon unber\u00fchrt. Eine diesbez\u00fcgliche Haftung ist jedoch erst ab dem Zeitpunkt der Kenntnis einer konkreten Rechtsverletzung m\u00f6glich. Bei Bekanntwerden von entsprechenden Rechtsverletzungen werden wir diese Inhalte umgehend entfernen.<\/p>\n<p>Haftung f\u00fcr Links<\/p>\n<p>Unser Angebot enth\u00e4lt Links zu externen Webseiten Dritter, auf deren Inhalte wir keinen Einfluss haben. Deshalb k\u00f6nnen wir f\u00fcr diese fremden Inhalte auch keine Gew\u00e4hr \u00fcbernehmen. F\u00fcr die Inhalte der verlinkten Seiten ist stets der jeweilige Anbieter oder Betreiber der Seiten verantwortlich. Die verlinkten Seiten wurden zum Zeitpunkt der Verlinkung auf m\u00f6gliche Rechtsverst\u00f6\u00dfe \u00fcberpr\u00fcft. Rechtswidrige Inhalte waren zum Zeitpunkt der Verlinkung nicht erkennbar. Eine permanente inhaltliche Kontrolle der verlinkten Seiten ist jedoch ohne konkrete Anhaltspunkte einer Rechtsverletzung nicht zumutbar. Bei Bekanntwerden von Rechtsverletzungen werden wir derartige Links umgehend entfernen.<\/p>\n<p>Urheberrecht<\/p>\n<p>Die durch die Seitenbetreiber erstellten Inhalte und Werke auf diesen Seiten unterliegen dem deutschen Urheberrecht. Die Vervielf\u00e4ltigung, Bearbeitung, Verbreitung und jede Art der Verwertung au\u00dferhalb der Grenzen des Urheberrechtes bed\u00fcrfen der schriftlichen Zustimmung des jeweiligen Autors bzw. Erstellers. Downloads und Kopien dieser Seite sind nur f\u00fcr den privaten, nicht kommerziellen Gebrauch gestattet. Soweit die Inhalte auf dieser Seite nicht vom Betreiber erstellt wurden, werden die Urheberrechte Dritter beachtet. Insbesondere werden Inhalte Dritter als solche gekennzeichnet. Sollten Sie trotzdem auf eine Urheberrechtsverletzung aufmerksam werden, bitten wir um einen entsprechenden Hinweis. Bei Bekanntwerden von Rechtsverletzungen werden wir derartige Inhalte umgehend entfernen.<\/p>\n<p>&nbsp;<\/p>\n<\/div>\n<\/div>\n<\/div>\n<\/div>\n<\/div>\n<\/div>\n<\/div>\n<\/div>\n","protected":false},"excerpt":{"rendered":"<p>Impressum Angaben gem\u00e4\u00df \u00a7 5 TMG: Auto-Service Busse GmbH Niederkasseler Stra\u00dfe 18 51147 K\u00f6ln Vertreten durch: Georg Busse Telefon: 02203 \/ 63759 Telefax: 02203 \/ 69402 E-Mail: info@auto-service-busse.de Registereintrag: Eintragung im Handelsregister. Registergericht:K\u00f6ln Registernummer: HRB 12272 Umsatzsteuer-ID: Umsatzsteuer-Identifikationsnummer gem\u00e4\u00df \u00a727 a Umsatzsteuergesetz: DE 121964874 Verantwortlich f\u00fcr den Inhalt nach \u00a7 55 Abs. 2 RStV: Georg [&hellip;]<\/p>\n","protected":false},"author":1,"featured_media":0,"parent":0,"menu_order":0,"comment_status":"closed","ping_status":"closed","template":"page-templates\/page_front-page.php","meta":{"footnotes":""},"class_list":["post-14","page","type-page","status-publish","hentry"],"yoast_head":"<!-- This site is optimized with the Yoast SEO plugin v23.9 - https:\/\/yoast.com\/wordpress\/plugins\/seo\/ -->\n<title>Impressum - Auto-Service-Busse<\/title>\n<meta name=\"robots\" content=\"index, follow, max-snippet:-1, max-image-preview:large, max-video-preview:-1\" \/>\n<link rel=\"canonical\" href=\"https:\/\/www.auto-service-busse.de\/startseite\/impressum\/\" \/>\n<meta property=\"og:locale\" content=\"de_DE\" \/>\n<meta property=\"og:type\" content=\"article\" \/>\n<meta property=\"og:title\" content=\"Impressum - Auto-Service-Busse\" \/>\n<meta property=\"og:description\" content=\"Impressum Angaben gem\u00e4\u00df \u00a7 5 TMG: Auto-Service Busse GmbH Niederkasseler Stra\u00dfe 18 51147 K\u00f6ln Vertreten durch: Georg Busse Telefon: 02203 \/ 63759 Telefax: 02203 \/ 69402 E-Mail: info@auto-service-busse.de Registereintrag: Eintragung im Handelsregister. Registergericht:K\u00f6ln Registernummer: HRB 12272 Umsatzsteuer-ID: Umsatzsteuer-Identifikationsnummer gem\u00e4\u00df \u00a727 a Umsatzsteuergesetz: DE 121964874 Verantwortlich f\u00fcr den Inhalt nach \u00a7 55 Abs. 2 RStV: Georg [&hellip;]\" \/>\n<meta property=\"og:url\" content=\"https:\/\/www.auto-service-busse.de\/startseite\/impressum\/\" \/>\n<meta property=\"og:site_name\" content=\"Auto-Service-Busse\" \/>\n<meta property=\"article:modified_time\" content=\"2021-08-09T17:20:19+00:00\" \/>\n<meta name=\"twitter:card\" content=\"summary_large_image\" \/>\n<meta name=\"twitter:label1\" content=\"Gesch\u00e4tzte Lesezeit\" \/>\n\t<meta name=\"twitter:data1\" content=\"2\u00a0Minuten\" \/>\n<script type=\"application\/ld+json\" class=\"yoast-schema-graph\">{\"@context\":\"https:\/\/schema.org\",\"@graph\":[{\"@type\":\"WebPage\",\"@id\":\"https:\/\/www.auto-service-busse.de\/startseite\/impressum\/\",\"url\":\"https:\/\/www.auto-service-busse.de\/startseite\/impressum\/\",\"name\":\"Impressum - Auto-Service-Busse\",\"isPartOf\":{\"@id\":\"https:\/\/www.auto-service-busse.de\/startseite\/#website\"},\"datePublished\":\"2018-06-22T13:57:24+00:00\",\"dateModified\":\"2021-08-09T17:20:19+00:00\",\"breadcrumb\":{\"@id\":\"https:\/\/www.auto-service-busse.de\/startseite\/impressum\/#breadcrumb\"},\"inLanguage\":\"de\",\"potentialAction\":[{\"@type\":\"ReadAction\",\"target\":[\"https:\/\/www.auto-service-busse.de\/startseite\/impressum\/\"]}]},{\"@type\":\"BreadcrumbList\",\"@id\":\"https:\/\/www.auto-service-busse.de\/startseite\/impressum\/#breadcrumb\",\"itemListElement\":[{\"@type\":\"ListItem\",\"position\":1,\"name\":\"Startseite\",\"item\":\"https:\/\/www.auto-service-busse.de\/startseite\/\"},{\"@type\":\"ListItem\",\"position\":2,\"name\":\"Impressum\"}]},{\"@type\":\"WebSite\",\"@id\":\"https:\/\/www.auto-service-busse.de\/startseite\/#website\",\"url\":\"https:\/\/www.auto-service-busse.de\/startseite\/\",\"name\":\"Auto-Service-Busse\",\"description\":\"Ihr Partner in K\u00f6ln Porz Lind\",\"publisher\":{\"@id\":\"https:\/\/www.auto-service-busse.de\/startseite\/#organization\"},\"potentialAction\":[{\"@type\":\"SearchAction\",\"target\":{\"@type\":\"EntryPoint\",\"urlTemplate\":\"https:\/\/www.auto-service-busse.de\/startseite\/?s={search_term_string}\"},\"query-input\":{\"@type\":\"PropertyValueSpecification\",\"valueRequired\":true,\"valueName\":\"search_term_string\"}}],\"inLanguage\":\"de\"},{\"@type\":\"Organization\",\"@id\":\"https:\/\/www.auto-service-busse.de\/startseite\/#organization\",\"name\":\"Auto-Service-Busse\",\"url\":\"https:\/\/www.auto-service-busse.de\/startseite\/\",\"logo\":{\"@type\":\"ImageObject\",\"inLanguage\":\"de\",\"@id\":\"https:\/\/www.auto-service-busse.de\/startseite\/#\/schema\/logo\/image\/\",\"url\":\"https:\/\/www.auto-service-busse.de\/wp-content\/uploads\/2018\/06\/logo-klein.png\",\"contentUrl\":\"https:\/\/www.auto-service-busse.de\/wp-content\/uploads\/2018\/06\/logo-klein.png\",\"width\":512,\"height\":531,\"caption\":\"Auto-Service-Busse\"},\"image\":{\"@id\":\"https:\/\/www.auto-service-busse.de\/startseite\/#\/schema\/logo\/image\/\"}}]}<\/script>\n<!-- \/ Yoast SEO plugin. -->","yoast_head_json":{"title":"Impressum - Auto-Service-Busse","robots":{"index":"index","follow":"follow","max-snippet":"max-snippet:-1","max-image-preview":"max-image-preview:large","max-video-preview":"max-video-preview:-1"},"canonical":"https:\/\/www.auto-service-busse.de\/startseite\/impressum\/","og_locale":"de_DE","og_type":"article","og_title":"Impressum - Auto-Service-Busse","og_description":"Impressum Angaben gem\u00e4\u00df \u00a7 5 TMG: Auto-Service Busse GmbH Niederkasseler Stra\u00dfe 18 51147 K\u00f6ln Vertreten durch: Georg Busse Telefon: 02203 \/ 63759 Telefax: 02203 \/ 69402 E-Mail: info@auto-service-busse.de Registereintrag: Eintragung im Handelsregister. Registergericht:K\u00f6ln Registernummer: HRB 12272 Umsatzsteuer-ID: Umsatzsteuer-Identifikationsnummer gem\u00e4\u00df \u00a727 a Umsatzsteuergesetz: DE 121964874 Verantwortlich f\u00fcr den Inhalt nach \u00a7 55 Abs. 2 RStV: Georg [&hellip;]","og_url":"https:\/\/www.auto-service-busse.de\/startseite\/impressum\/","og_site_name":"Auto-Service-Busse","article_modified_time":"2021-08-09T17:20:19+00:00","twitter_card":"summary_large_image","twitter_misc":{"Gesch\u00e4tzte Lesezeit":"2\u00a0Minuten"},"schema":{"@context":"https:\/\/schema.org","@graph":[{"@type":"WebPage","@id":"https:\/\/www.auto-service-busse.de\/startseite\/impressum\/","url":"https:\/\/www.auto-service-busse.de\/startseite\/impressum\/","name":"Impressum - Auto-Service-Busse","isPartOf":{"@id":"https:\/\/www.auto-service-busse.de\/startseite\/#website"},"datePublished":"2018-06-22T13:57:24+00:00","dateModified":"2021-08-09T17:20:19+00:00","breadcrumb":{"@id":"https:\/\/www.auto-service-busse.de\/startseite\/impressum\/#breadcrumb"},"inLanguage":"de","potentialAction":[{"@type":"ReadAction","target":["https:\/\/www.auto-service-busse.de\/startseite\/impressum\/"]}]},{"@type":"BreadcrumbList","@id":"https:\/\/www.auto-service-busse.de\/startseite\/impressum\/#breadcrumb","itemListElement":[{"@type":"ListItem","position":1,"name":"Startseite","item":"https:\/\/www.auto-service-busse.de\/startseite\/"},{"@type":"ListItem","position":2,"name":"Impressum"}]},{"@type":"WebSite","@id":"https:\/\/www.auto-service-busse.de\/startseite\/#website","url":"https:\/\/www.auto-service-busse.de\/startseite\/","name":"Auto-Service-Busse","description":"Ihr Partner in K\u00f6ln Porz Lind","publisher":{"@id":"https:\/\/www.auto-service-busse.de\/startseite\/#organization"},"potentialAction":[{"@type":"SearchAction","target":{"@type":"EntryPoint","urlTemplate":"https:\/\/www.auto-service-busse.de\/startseite\/?s={search_term_string}"},"query-input":{"@type":"PropertyValueSpecification","valueRequired":true,"valueName":"search_term_string"}}],"inLanguage":"de"},{"@type":"Organization","@id":"https:\/\/www.auto-service-busse.de\/startseite\/#organization","name":"Auto-Service-Busse","url":"https:\/\/www.auto-service-busse.de\/startseite\/","logo":{"@type":"ImageObject","inLanguage":"de","@id":"https:\/\/www.auto-service-busse.de\/startseite\/#\/schema\/logo\/image\/","url":"https:\/\/www.auto-service-busse.de\/wp-content\/uploads\/2018\/06\/logo-klein.png","contentUrl":"https:\/\/www.auto-service-busse.de\/wp-content\/uploads\/2018\/06\/logo-klein.png","width":512,"height":531,"caption":"Auto-Service-Busse"},"image":{"@id":"https:\/\/www.auto-service-busse.de\/startseite\/#\/schema\/logo\/image\/"}}]}},"_links":{"self":[{"href":"https:\/\/www.auto-service-busse.de\/startseite\/wp-json\/wp\/v2\/pages\/14","targetHints":{"allow":["GET"]}}],"collection":[{"href":"https:\/\/www.auto-service-busse.de\/startseite\/wp-json\/wp\/v2\/pages"}],"about":[{"href":"https:\/\/www.auto-service-busse.de\/startseite\/wp-json\/wp\/v2\/types\/page"}],"author":[{"embeddable":true,"href":"https:\/\/www.auto-service-busse.de\/startseite\/wp-json\/wp\/v2\/users\/1"}],"replies":[{"embeddable":true,"href":"https:\/\/www.auto-service-busse.de\/startseite\/wp-json\/wp\/v2\/comments?post=14"}],"version-history":[{"count":11,"href":"https:\/\/www.auto-service-busse.de\/startseite\/wp-json\/wp\/v2\/pages\/14\/revisions"}],"predecessor-version":[{"id":324,"href":"https:\/\/www.auto-service-busse.de\/startseite\/wp-json\/wp\/v2\/pages\/14\/revisions\/324"}],"wp:attachment":[{"href":"https:\/\/www.auto-service-busse.de\/startseite\/wp-json\/wp\/v2\/media?parent=14"}],"curies":[{"name":"wp","href":"https:\/\/api.w.org\/{rel}","templated":true}]}}